Let l be z(b). Give d(l).
-1
Suppose 0 = 14*s - 0*s - 2576. Suppose -179 + s = -n. Let w(y) be the third derivative of -y**4/8 - 5*y**3/6 - 4*y**2. What is w(n)?
10
Let q(b) = -b**2 - 11*b - 3. Let p(r) be the first derivative of 4*r**2 + 126*r - 111. Let h be p(-17). Calculate q(h).
7
Let a be (-75)/(-2) - 21/42 - -5. Let y be (-7 - a/(-7))*4. Let c(x) = -2*x**2 + 3*x - 4. What is c(y)?
-48
Let x(m) be the first derivative of -m**4/4 - m**2/2 - 27*m - 4750. What is x(0)?
-27
Let b be 1*19 + (-64 - -59). Let r(x) = 15*x - 28*x + b*x + 1. Determine r(5).
6
Suppose -389*u + 66 = -356*u. Let s(y) = 3*y**2 + 6*y - 14. Calculate s(u).
10
Let z = 18 - -306. Suppose z = 3*i + 18. Suppose -i*f + 97*f + 30 = 0. Let r(l) = -l**3 + 5*l**2 + 8*l - 5. What is r(f)?
7
Let x(u) = -u**3 - 14*u**2 - 32*u + 2. Let k(o) = -2*o**2 + 36*o - 75. Let z be k(16). Calculate x(z).
-9
Let y(m) = -m**3 + 10*m**2 + 10*m - 12. Suppose -2*s - q = -18, -264 + 260 = q. Calculate y(s).
-23
Let f(l) = 5*l**2 + 2*l + 1. Let z(m) = -m**2 + 11*m + 7. Let u be z(12). Let n(w) = -2*w**2 - 13*w - 16. Let s be n(u). Determine f(s).
4
Let z(j) = -j - 5. Let b(k) = -4*k - 14. Let r(o) = 2*b(o) - 7*z(o). Let p be 30/(-135) + 8/36. Give r(p).
7
Let m(w) = 5497*w + 20*w**2 - 5505*w - 10*w**2 + 15 - w**3. What is m(8)?
79
Let r(g) = 4*g**3 + 43*g**2 - 28*g + 30. Let u(l) = 2*l**3 + 21*l**2 - 13*l + 15. Let i(n) = 2*r(n) - 5*u(n). What is i(-10)?
-5
Let d(p) be the second derivative of 1/6*p**3 + 0 + 81*p + p**2. What is d(-6)?
-4
Let s(l) = -l**2 + 9*l - 11. Let p be s(8). Let x(b) be the first derivative of -3/2*b**2 - 1/3*b**3 + b - 29. What is x(p)?
1
Let h = 7 + -3. Let l(m) = -m**3 + 4*m - 7. Let n(o) = 8*o**3 - o**2 - 32*o + 55. Let z(d) = 23*l(d) + 3*n(d). Calculate z(h).
4
Suppose -5*c = 5*w + 10, 20*w - 4*c - 11 = 25*w. Let h(l) = -2 + 1 + 1 - 2 - 5*l - 2*l**2. Calculate h(w).
-5
Let s be (7 - -1)*14/14. Let k be s/((-40)/(-5)) + -8. Let i(o) = o**3 + 8*o**2 + 6*o + 2. Determine i(k).
9
Let o(m) = m**3 - m**2 - 4*m - 3. Let t(a) = 3*a - 4. Let k(v) = v**2 - 5*v - 12. Let c be k(7). Let d be t(c). Suppose 8 = d*n + 12. What is o(n)?
-7
Suppose -28 = 3*n - 31, -5 = i - 3*n. Let r(j) = 7*j + 21. Determine r(i).
7
Suppose 4*p - 3*i - 511 = 506, -i = -1. Let r = -245 + p. Let m(k) = k**2 - 8*k - 10. What is m(r)?
10
Let f(v) be the third derivative of 0*v + 1/3*v**3 + 0 - 1/12*v**4 - 121*v**2 - 1/12*v**5. Let b(x) = -2*x**2 - x + 1. Let l be b(1). What is f(l)?
-14
Let a(c) = -51*c + 2. Suppose g - 4*d = 19, -3 = -9*g + 7*g + d. What is a(g)?
53
Let d(v) = -6 - 6*v**2 - v**2 - 8*v + 8*v**2. Let z(p) = -22*p**2 - 137*p - 21. Let x be z(-6). Determine d(x).
3
Let u = -374320 + 374314. Let g(a) be the first derivative of -a**4/4 - 2*a**3 + a**2/2 + 6*a + 1. Calculate g(u).
0
Let a(x) = 3 + 9 + 1 - 12. Let f(d) = d**3 - 5*d**2 + 6*d + 3. Let p(v) = 3*a(v) - f(v). Determine p(4).
-8
Let h(d) = -d + 9. Let n(b) = 3*b + 30. Let r be (-15)/(-2)*56/(-42). Let a be n(r). Suppose 44 + 7 = 5*l + 4*i, a = 3*l - 4*i - 5. What is h(l)?
2
Let v be ((-70)/(-21))/(-3*104/(-72) + -1). Let p(f) = -1 - 4*f + 2*f - 11*f**2 + 4*f. Calculate p(v).
-10
Let c(v) = -v**2 + 7*v + 8. Suppose 151*j - 356 = 48*j + 365. Calculate c(j).
8
Let b be (-106 + 2 - 1/(-1))*-1. Suppose 3*q - 31 = -m + 4*q, -3*m = -q - b. Let z(r) = r + m - 55 + 26. Determine z(-7).
0
Let c(k) = k**2 - 2*k - 23. Let j be c(-4). Let b(o) = 0*o + 3*o + 273 - 274. Give b(j).
2
Let f(v) = -2*v**2 - 24*v - 1. Let s = 21741 + -21751. Calculate f(s).
39
Let a be -9 + (-117)/(-18) + (-5)/(-2). Let b(d) = d**2 + 2*d - 19. Let m(h) = -h + 1. Let c(t) = -b(t) - 2*m(t). Determine c(a).
17
Let p = -3409 - -3401. Let n(b) = -b**3 - 7*b**2 + 11*b + 5. What is n(p)?
-19
Let a(x) be the first derivative of x**4/12 + 5*x**3/3 - 2*x**2 + 54*x + 61. Let d(p) be the first derivative of a(p). Give d(-10).
-4
Let f(o) = -o - 3. Let t = -38 + 32. Let s(m) = m + 1. Let g(q) = t*s(q) - 2*f(q). Let u(d) = -d**2 - 47*d + 97. Let n be u(-49). Give g(n).
4
Let r(k) = k**2 + 23*k + 17. Let j be r(-24). Let n = 36 - j. Let o(i) = -3*i. Give o(n).
15
Suppose -3*m = -3*j - 48, 0 = -7*j + 3*j + 5*m - 63. Let r(q) = -11267*q**3 + 18 - 11269*q**3 - 16*q - 11253*q**3 + 33788*q**3 - 18*q**2. Calculate r(j).
1
Let n(f) = 4*f**2. Let a = 1617 + -1614. Let x(u) = -3*u**2 + 9*u**2 + u - 3*u**2. Let z(p) = a*x(p) - 2*n(p). What is z(-3)?
0
Let d(g) be the second derivative of -g**7/2520 - g**5/120 + 13*g**4/6 - 4*g + 3. Let w(t) be the third derivative of d(t). Calculate w(0).
-1
Let o(j) = j - 2. Suppose 0 = 13*y - 18*y + 30. Let g be (6 + (-2 - 2))/((-4)/y). What is o(g)?
-5
Let o = 153 + -147. Let a(v) = -4 + o*v**2 + 7*v**2 + 6*v - 14*v**2. Let h(b) = b**2 + 3*b + 4. Let y be h(-3). What is a(y)?
4
Let u(r) be the third derivative of -r**5/20 + 5*r**4/4 - 13*r**3/3 + 5822*r**2. Determine u(9).
1
Let g(x) = x**3 + x**2 + x - 1. Let s(i) = -15*i**3 - 4*i**2 - 4*i + 3. Let o(f) = 4*g(f) + s(f). Suppose 4*n = 250 + 110. Suppose -94 = -4*z - n. What is o(z)?
-12
Let y(r) = 2*r**3 + 117*r**2 + 67*r + 539. Let g be y(-58). Let a(p) = -p**2 + 18*p + 54. Calculate a(g).
71
Let s(v) = v + 1. Suppose 0 = -9*z + 642 + 366. Let h(f) = -3*f**3 + 6*f**2 - 4*f + 4*f**3 + z - 105. Let d(b) = h(b) - 3*s(b). Calculate d(-7).
4
Let s(j) = -j**2 + 23*j + 21. Let x(o) = o**2 - 12*o - 11. Let t(z) = -3*s(z) - 5*x(z). Suppose 317 = -7*a + 37. Let p be ((-24)/(-20))/(8/a). What is t(p)?
-26
Let w(y) be the second derivative of y**5/20 + y**4/2 - y**3/2 - 9*y**2/2 + 9*y. Let p = 30 + -33. Let h be 108/12*p*4/18. Give w(h).
9
Let o(c) = -c**2 + 58*c + 532. Let v be o(-8). Let a(y) = -y**2 + 4 + 4*y**2 + 3*y - 2*y**2. Determine a(v).
32
Let z(c) = -c**2 + 16*c + 18. Let h be (-4 - -13)/(-9) - -14. Calculate z(h).
57
Let f(g) = -4*g - 172*g**2 - 142 + 175*g**2 + 141 + 0*g - 4*g. Determine f(2).
-5
Let i(b) = 20*b**3 - b + 1. Suppose 58*p + 2385 = 55*p. Let w = p - -796. Calculate i(w).
20
Let v(f) be the first derivative of -45 + 3*f + 1/4*f**4 - 4/3*f**3 + 0*f**2. Determine v(4).
3
Let x = 229 - 221. Suppose 2*u = -2 - x. Let a(f) = 4*f + 4. Calculate a(u).
-16
Let m(b) = 121*b - 99. Let a be m(1). Let c(q) = q - 11. What is c(a)?
11
Let m(t) = -t - 6. Let l(q) = q**3 + 7*q**2 + 8*q + 7. Let v = 97 + -80. Let n = v + -23. Let o be l(n). What is m(o)?
-1
Let b = 268 - 265. Let m(a) = -a**3 + a**2 + 10*a - 4 + 3 + a - 7*a. Calculate m(b).
-7
Let t be 2238/15 - -4 - 4/(-5). Let h = t - 153. Let c(a) = -5*a + 1. Give c(h).
-4
Suppose -5*z - 25 = 0, -z + 3*z = -2*k - 22. Let o = k - -9. Suppose -o*p + 0*w = 5*w + 33, -5*p + 4*w = 18. Let f(c) = c + 7. What is f(p)?
1
Let r(z) = -4*z + 5. Let g(w) = -15*w + 19. Let x(m) = 6*g(m) - 22*r(m). Let i(k) = -k**3 + 7*k**2. Let b be i(4). Suppose -6*s = -b + 6. Calculate x(s).
-10
Let d(s) = 2*s**3 - 3*s**2 + 2*s - 4. Let v = 192 - 66. Suppose -116*m = -v*m + 30. Give d(m).
29
Let z = -38568 - -38572. Let j(b) = b**3 - 5*b**2 + 7*b - 17. What is j(z)?
-5
Let i be 1*2770/(-140) + 24/(-112). Let t(u) = 2*u**2 + 42*u + 46. Determine t(i).
6
Suppose 8 = -73*n + 72*n - 3*v, 0 = -n + 4*v + 6. Let r(x) = -x**3 - 3*x**2 - 6*x - 3. Calculate r(n).
5
Let p(b) be the second derivative of -b**4/12 - b**3/2 - 3*b**2/2 - 2*b. Suppose -4*j + 20 = 0, 5 = -2*h + j + 10. Suppose -5*w - 10 = h. Give p(w).
-3
Let f(r) = -r**2 + 12*r + 5. Let j(v) = 858*v**2 - 27*v - 28. Let x be j(-1). Let k = -845 + x. Determine f(k).
5
Let q(z) = 5*z - 5. Let g be (-16)/(-80)*(-26 + 6). Give q(g).
-25
Let j(s) = -s**2 - s - 3 + 21*s**3 + 3. Let p(l) = 2*l**3 - 17*l**2 - 11*l - 191. Let t be p(10). Give j(t).
-21
Let s(p) be the third derivative of p**6/120 + p**5/20 - 3*p**4/8 - 2*p**3/3 - 681*p**2. Give s(-6).
-58
Let u(y) = -5*y + 14. Suppose -4*r - 5 = o + 11, -r - 31 = -2*o. Calculate u(o).
-46
Let l(x) = -73*x**2 + 44*x - 27. Let h(c) = -43*c**2 + 27*c - 16. Let w(i) = 17*h(i) - 10*l(i). Give w(9).
88
Let g(u) be the third derivative of u**5/60 - u**4/6 - 5*u**3/6 - 44*u**2. Let y be ((-4)/(-6))/((-2)/(-30)) + -6. What is g(y)?
-5
Let g(v) = -140*v - 106*v - 1 - 140*v + 384*v. Suppose 5*z - 18 = 2*i, 2*i - 4*z + 13 = -i. Let d = 1 + i. Calculate g(d).
-5
Let a(l) = 2*l**2 - 7*l - 27. Let z = -3470 